t is the tens digit of p?
5
Let f = 11 + -9. What is the units digit of 3/(f*1/6)?
9
What is the tens digit of (210/(-28))/(6/(-8))?
1
Let r(c) = 2*c**2 + c - 3. Let w(y) be the second derivative of y**4/4 + y**3/2 - 3*y**2 + y. Let x(i) = 5*r(i) - 3*w(i). What is the units digit of x(4)?
3
Suppose -c - 4*c = r - 13, 20 = 4*r + 4*c. Suppose 4*o - r*j + 2*j - 7 = 0, 0 = -o - j - 2. Let h = 2 - o. What is the units digit of h?
1
Suppose 0 = -2*f + 76 + 38. What is the units digit of f?
7
Let t = -94 - -59. Let u = -21 - t. What is the tens digit of u?
1
Let l(w) = -w**2 - 6*w - 1. What is the units digit of l(-3)?
8
Let l be (2/6)/((-3)/9). Let a be 2*(1 + -1 - l). Suppose -m + 3*m = a. What is the units digit of m?
1
Let a(j) = 2*j. Let u(d) = d + 1. Let k(w) = a(w) - 5*u(w). What is the units digit of k(-7)?
6
Suppose 3*o - j + 20 = 0, -j = o + 2*j. Let l(w) = -w**3 - 6*w**2 - w - 4. What is the units digit of l(o)?
2
What is the units digit of (-8)/1*(-26)/4?
2
Let r be (7 + -3)*(2 - 1). Suppose 7*y - 5*c = r*y + 74, -4*y + 2*c = -108. What is the tens digit of y?
2
What is the hundreds digit of 18/4*2*801/27?
2
Let f = -254 + 681. What is the units digit of f?
7
Suppose 0*r - 4*w = -3*r + 147, r - 2*w - 47 = 0. Suppose 4*g - r - 75 = 0. What is the units digit of g?
2
Suppose 0 = d - 21 - 32. Suppose 65 = 5*x + 3*o, 0 = x + 2*x - o - d. What is the units digit of x?
6
Let c(l) = -l**2 + 2. Let g be (0 + 0)*(-4)/(-8). Let h be c(g). Suppose 0 = h*k - 3 - 7. What is the units digit of k?
5
Suppose 0 = w + 2, w + 2 + 6 = -t. Let d be 1*4/((-8)/t). What is the units digit of (-3)/((-9)/(-6)) + d?
1
Let a = -3 - -6. Let o(x) = x**3 - 4*x**2 + 2*x + 3. Let m be o(a). Suppose m = -4*t + 34 - 6. What is the units digit of t?
7
Suppose 0 = s - 8 - 17. What is the units digit of s?
5
Let l(r) = -28*r + 12. What is the tens digit of l(-3)?
9
Let v be (2/(-3))/((-2)/(-12)). Let z be (-1 + 2)*1*v. What is the units digit of (-38)/(-4) - (-2)/z?
9
Let z(b) = -b - 2. Let t be z(-4). Let g(u) = -3 - 2*u**2 + 2*u + 3*u**t + 0*u**2. What is the units digit of g(-4)?
5
Suppose -2*m + m = -21. What is the units digit of m?
1
Suppose 5 = 2*q - d - 15, -4*q = d - 46. What is the tens digit of q?
1
Let p = -20 + 31. What is the units digit of p?
1
Let x(u) = u**2 + 11*u + 12. Let n = -20 + 10. Let c be x(n). Suppose -3*f - j + 56 = 0, -c*f + 2*j - 3*j + 36 = 0. What is the units digit of f?
0
Let d(k) = 136*k + 10. What is the hundreds digit of d(1)?
1
Let q = -18 + 12. Let x(k) = k**2 + 3*k - 3. What is the units digit of x(q)?
5
Suppose 0 = -p - 3*f + 3, f = -p + 4*p - 9. Suppose 3*a - p*m + 8 = -4*m, -2*m + 8 = 0. What is the units digit of 12*(-2 + (-11)/a)?
9
Let x be ((-3)/6 + 0)*-26. Suppose -4*g + x = -27. What is the tens digit of g?
1
Suppose 4*d + y - 18 = -7, 10 = -2*y. Suppose 0 = b - 3*b + d. What is the units digit of 4/8 - (-13)/b?
7
Let j be 4*(0 + 2)*1. Suppose -2*w - j - 4 = 0. What is the units digit of ((-4)/w)/(4/42)?
7
Suppose 0 = 2*o - 5*o + 6. Let u be (-4)/6 - 51/(-9). Let h = o + u. What is the units digit of h?
7
Let s(n) = 2*n**2 - 12*n + 1. What is the tens digit of s(7)?
1
Let t = 125 + -81. Let q(d) = -d**3 - 6*d**2 - 5*d + 2. Let y be q(-5). Suppose y*b + 2*b - t = 0. What is the tens digit of b?
1
Let s = 250 - 83. What is the units digit of s?
7
Let p(n) = 2*n - 3. Let g(i) = i - 3. Let w be g(5). What is the units digit of p(w)?
1
Let t(o) = 3*o - 3. Suppose -2 = 4*k - 5*n, 0 = k - 4*n + 1 + 5. What is the units digit of t(k)?
3
Let n(y) = -2*y**2 - 1. Let d(l) = -3*l**2 - 1. Let c(g) = 5*d(g) - 8*n(g). Suppose 0 = 3*x - 7 - 2. What is the tens digit of c(x)?
1
Let t(l) = -3*l + 10. Suppose 0*j + 33 = -r - 5*j, j = -5*r - 45. Let n be t(r). Suppose -10 - n = -2*c. What is the units digit of c?
2
What is the units digit of 3 - (0 + -1) - -42?
6
Let w be (3 - 6) + 2 + 150. Let g = -105 + w. What is the tens digit of g?
4
Let k(z) = -z**3 + 8*z**2 - z + 6. Let g be k(7). Suppose 4*p - p = g. What is the tens digit of p?
1
Let i = -9 + 17. Let h = i + 10. Suppose 6 = 4*r - h. What is the units digit of r?
6
Suppose 3*t = 2*r - t, 0 = -4*r + 3*t + 5. Let n(j) = -2*j - 3. Let w be n(-4). Suppose 2*k - r*z = -0*k + 18, -w*z = k + 15. What is the units digit of k?
5
Let b be 6/(-33) - 876/22. Let j = b + 70. What is the tens digit of j?
3
Let j = -42 + 66. What is the units digit of j?
4
Suppose -4*j - j = -20. Suppose -8 = 2*w - 2*i - i, -4*w + 24 = j*i. What is the units digit of w?
2
Let w(i) = 8*i - 20. Let v be w(6). Let x be -1 + 8/(1 - -1). Suppose -l = -x*l + v. What is the tens digit of l?
1
Let s be 5*1 - (0 + 1). Let i be ((-4)/6)/(4/6). What is the units digit of (i + 1 + s)/2?
2
Suppose -3*c = c + 4*i - 4, -3*i = 5*c + 3. Let x be -9*(c - (-30)/9). Let y = x - -18. What is the tens digit of y?
1
Let q = -40 + 96. What is the tens digit of q?
5
Let r(o) = 11*o**2 + o - 4. What is the units digit of r(-4)?
8
Let r be 8/((-14)/4 - -3). What is the units digit of (-5)/(3 + 52/r)?
0
Let v(p) = p + 3. Let h be 18/15*(-10)/(-3). Let t be v(h). Let k = 11 - t. What is the units digit of k?
4
Let i = -61 - -85. What is the units digit of i?
4
Suppose 5136 = 9*h + 3*h. What is the tens digit of h?
2
Let s be (1/(-2))/((-4)/48). Suppose s*d - d - 20 = 0. Suppose 2*z + 3*z - 5*j = 15, 0 = 2*z - d*j - 10. What is the units digit of z?
1
Suppose -5*i = -2*i - 309. What is the tens digit of i?
0
Suppose 0 = -3*n - n - 3*l - 13, -5*n + 2*l + 1 = 0. Let a = -4 + n. Let z = -4 - a. What is the units digit of z?
1
Suppose -2*r + 7*x + 594 = 4*x, 5*r - 5*x - 1485 = 0. What is the hundreds digit of r?
2
Let r(t) = t - 6. Let f be r(10). Suppose 9 - 21 = -f*b. What is the units digit of (0 - b)/3 - -8?
7
Suppose 0 = -2*v + 2*i + 15 - 5, -55 = -5*v - 5*i. Suppose 5*k = z + 4*z + 25, v = 4*z. What is the units digit of k?
7
Let r be -2*(0 + (-2)/(-4)). Let y = r - -4. Suppose 18 = b + 2*b - x, y*x = -5*b + 30. What is the units digit of b?
6
Let f(b) = -4*b + b**3 + 4*b. What is the units digit of f(2)?
8
Let z(i) = i**3 - 3*i**2 - 2*i + 5. Let c = -10 - -14. What is the units digit of z(c)?
3
Let c(s) = -33 + 4*s - s**2 + 33 - s**3. Let o be c(-3). Let n(x) = -x**2 + 9*x - 6. What is the units digit of n(o)?
2
Let h(m) = m**2 - 3*m + 5. Suppose 4*y - 6*y = 5*o - 17, 5*o - 29 = y. What is the units digit of h(o)?
5
Let b(j) = 2*j**2 - 16*j + 3. Let f be b(11). Suppose 0 = -n - 4, -3*k + n = 2*k - f. What is the tens digit of k?
1
Let g be (36/(-10))/(3/(-10)). Suppose 3*k - g = -0*u + 3*u, -5*u = 5*k. What is the units digit of k?
2
Let r be 0/((-3)/((-3)/(-2))). Suppose -3*a - a - 4 = r. What is the units digit of -1 - 2*(-2 - a)?
1
Let p be ((-12)/42)/((-4)/14). Let z(q) be the third derivative of 7*q**4/24 - q**3/6 + q**2. What is the units digit of z(p)?
6
Let o = 196 - 169. What is the tens digit of o?
2
Let l = -11 - -25. Suppose c - 2*c + l = -2*b, -1 = -b. What is the units digit of c?
6
Let o = 72 + 36. What is the tens digit of o?
0
Suppose 2*s + 28 = -18. What is the units digit of 2*1 + (-4 - s)?
1
Suppose -4*t - h + 286 = 0, h = 4 - 2. What is the tens digit of t?
7
Let p be (5/4)/((-3)/12). Let h(a) = -a**3 - 4*a**2 - 2*a + 5. Let k be h(p). Suppose 6*q - k = q. What is the units digit of q?
8
Let t(w) = w**3 - 5*w**2 - 5*w - 4. Let x be t(6). Let c(g) = 8*g - 3. Let m be c(6). Suppose -y + m = 5*s, 4*s = 9*s - x*y - 45. What is the units digit of s?
9
Let r(m) = 9*m + 2. What is the tens digit of r(2)?
2
Suppose 0 = -5*y + 2*y + 564. Suppose -4*i + 0*t - 5*t + 179 = 0, 4*i - y = 4*t. What is the units digit of i?
6
Let v = 80 - -7. What is the tens digit of v?
8
Let r(i) be the first derivative of 46*i**3/3 + i**2/2 - 2. What is the tens digit of r(-1)?
4
Suppose 5*h = 32 + 23. Let t = h + 2. What is the tens digit of t?
1
Let x = 56 + -11. What is the units digit of x?
5
Let d(m) = m**2 - m. Let q be d(0). Suppose 13 = 5*x - 12. Suppose 2*f + 1 + q = -3*n, n + x*f = -9. What is the units digit of n?
1
Suppose -l - 240 = -5*l. What is the units digit of l?
0
What is the tens digit of 40/(-6)*(-99)/22?
3
Let a be (1/2)/(1/8). Let m be a/(-6) + (-6)/(-9). Let i(b) = b + 7. What is the units digit of i(m)?
7
Let x = -27 - -198. Wh